Suppose 0 = -2*z - 2*z. Suppose -o + 6*o + 395 = z. Let j = -53 - o. What is the tens digit of j?
2
Suppose 9*t - 30 = 15. What is the units digit of (-4)/10 + 182/t?
6
Suppose -3*s - 2*c + 5 = 0, 5*s = -0*c - c + 13. Let k(f) = -10 + 17 - 5*f - f**3 + 3*f**2 + s*f**2. What is the units digit of k(5)?
7
Suppose 18 = j - 17. Let l = j + 0. Let w = 53 - l. What is the tens digit of w?
1
Suppose -3 = -5*b + w + 2*w, -b - 3*w = 3. Suppose -5*l + 0*l + 1195 = b. What is the tens digit of l?
3
What is the hundreds digit of (0 - -598) + (6 - 12)?
5
Let h = -1768 - -2732. What is the tens digit of h?
6
Let j = -53 + 55. Suppose -j*a = -3*a + 61. What is the tens digit of a?
6
What is the hundreds digit of 1153 - 32 - (-2 + -4)?
1
Let w(c) = -250*c + 248. What is the tens digit of w(-6)?
4
Suppose 34*o + 790 = 36*o. What is the tens digit of o?
9
What is the hundreds digit of (-227)/(-2) + 7*4/56?
1
Let g = -43 - -154. What is the tens digit of g?
1
Suppose -8*z - 1266 + 186 = 0. What is the units digit of (-1 + z)*(-1)/2?
8
Suppose 2*v + 2*z = -6, -3*v - 13 - 11 = -2*z. What is the units digit of 8*(-13)/v*21/14?
6
Let i = -748 + 1646. What is the units digit of i?
8
Let v(j) = j + 1. Let k be v(-2). Let p = -4 - k. Let l = p - -11. What is the units digit of l?
8
Suppose 2*s - 2711 = 617. What is the thousands digit of s?
1
Suppose 5*u - 28 = -8. Suppose 3*m + 195 = -3*d, -3*d + u*m - 86 - 123 = 0. Let z = d - -100. What is the tens digit of z?
3
Let c(k) = -2*k**3 + k**2 - 3*k - 5. Let s be c(-3). Let w = s - -28. What is the tens digit of w?
9
Suppose 4060 = -21*x + 26*x. Suppose 3*d = -11*d + x. What is the tens digit of d?
5
Let m(r) = -r**3 + 17*r**2 - 29*r + 34. What is the tens digit of m(15)?
4
Let j(y) = y - 6. Let w(m) = -2*m + 7. Let h(c) = -2*j(c) - 3*w(c). Suppose 3*d = 4*d - 7. What is the tens digit of h(d)?
1
Let u = 2526 + -1494. What is the hundreds digit of u?
0
Let s = 24 - -717. Suppose -c + 4*c = s. What is the units digit of c?
7
Let u(b) = -b**3 - 6*b**2 - 9*b + 10. Let c be u(-6). Let t = 73 + c. What is the units digit of t?
7
Let t = 14 - 1. Let d = 27 - t. What is the tens digit of d?
1
Suppose 0 = -3*v + 2 + 4. What is the tens digit of (v/6)/((-20)/(-8700))?
4
Let j = -61 - -85. Suppose 3*y - j = y. Suppose 3*s - y = 48. What is the tens digit of s?
2
Suppose -3187 = -5*w + 5*t + 1323, w - 896 = 4*t. What is the units digit of w?
4
Suppose -2*a - 146 = 38. Let d = a + 207. What is the hundreds digit of d?
1
Let i(g) = -g**3 + 6*g**2 - g. Suppose 2*q + 3 - 21 = -4*s, -9 = q - 4*s. Let t be (6/4)/(q/8). What is the units digit of i(t)?
8
Suppose 7*t + 5*w + 3555 = 12*t, -5*w = 2*t - 1387. What is the tens digit of t?
0
Suppose 0 = -4*y + 3*s - 7*s + 24, -4*y = -s - 4. Suppose 0 = 5*z + y*q - q - 1277, -4*q - 268 = -z. What is the tens digit of z?
5
Suppose 0*y = 3*y - 9, -2*y = -5*b + 4. Let o(w) = 4*w - 8*w - 7*w + b*w + 6. What is the tens digit of o(-4)?
4
Suppose -3*w - 42 + 6 = -3*g, 4*g = -w + 48. Suppose -4*q + g = -3*s + 2*s, -5*q + 15 = -s. Let b = 9 - s. What is the units digit of b?
9
Let x be 35/(-4) - 6/(-8). Let g(h) be the first derivative of -3*h**2/2 - h - 1. What is the tens digit of g(x)?
2
Let u be 1*(-3)/6*-8. Suppose u*f = -2*y + 2, -f = 2*y + f - 6. Suppose y*h = 0, 0*h = -5*c - h + 285. What is the units digit of c?
7
What is the tens digit of ((-11)/2)/(21/(-2436))?
3
Let h(z) = 4*z. Let k(g) = -g**2 - 3*g + 2. Suppose 12 = -4*j - 0. Let p be k(j). What is the units digit of h(p)?
8
Let s = -74 - -141. Let p = -13 + s. What is the units digit of 9/p - (-131)/6?
2
Let x = -50 + 84. Suppose -x = -j - 4*h + 7, -144 = -3*j - 5*h. What is the units digit of j?
3
Let i(c) = 126*c**2 - c - 1. Suppose 4*f + 0 + 7 = 5*a, 4*a + 16 = -4*f. What is the hundreds digit of i(a)?
1
Suppose 0 = 16*j - 30984 - 5752. What is the thousands digit of j?
2
Let a(p) = 409*p - 23. What is the tens digit of a(5)?
2
Let k(a) = 9*a**3 + 4. Let i(p) = -p**2 - 18*p - 15. Let d be i(-17). What is the units digit of k(d)?
6
Let r(x) = 131*x**2 - 2*x - 2 + 148*x**2 - 259*x**2. What is the hundreds digit of r(3)?
1
Suppose 4*d + 4*h = 508, h = -11*d + 6*d + 631. Suppose -4*s - 2*y + 401 = -91, -s - 2*y = -d. What is the units digit of s?
2
Suppose 2*y + 19 + 10 = 5*k, -4*k - 20 = 0. Let x = y - -54. What is the tens digit of x?
2
Suppose -4*x = -11*x + 2765. Suppose 2*p = 3*z + x, 7*z - 8*z + 979 = 5*p. What is the tens digit of p?
9
Let z(x) = -13*x + 28. Let q(u) = -3*u + 7. Let l(m) = -9*q(m) + 2*z(m). Let d be l(9). Suppose 26 = r + d. What is the units digit of r?
4
Let b = 4411 - 2373. What is the thousands digit of b?
2
Let b(y) = y**3 - 1. Let w(r) = 7*r**3 + 6*r**2 - 5*r - 2. Let h(q) = 6*b(q) - w(q). Let n be -3 - (-2)/1 - 6. What is the units digit of h(n)?
0
What is the tens digit of (-10 - -12)/(3 - (-41713)/(-13909))?
8
Let b(i) = -i**2 - 10*i + 2. Let f be b(-10). Suppose -3*t - f*o = -209, -4*t + 311 - 39 = o. What is the tens digit of t?
6
Let u = 2 - 6. What is the tens digit of (0 - -1) + ((-1376)/u)/2?
7
What is the hundreds digit of ((-1)/(-5))/(-6 + 95381/15895)?
2
Let v be 715/77 + -2*(-2)/(-14). Suppose 37 = t - 2*u, -2*t + 153 = 3*t - 2*u. Suppose -t = -2*d + v. What is the units digit of d?
9
Let b(m) = -3*m**3 - 19*m**2 + 6*m - 44. Let a(o) = 8*o**3 + 56*o**2 - 19*o + 131. Let s(p) = 4*a(p) + 11*b(p). What is the units digit of s(13)?
8
Let q(y) = 6*y**2 + y. Let j(r) = -13*r**2 - 3*r + 1. Let l(k) = 4*j(k) + 7*q(k). Let a(b) be the first derivative of l(b). What is the units digit of a(-2)?
5
Let l(f) = f**2 + 18*f - 84. What is the hundreds digit of l(24)?
9
Let s(w) be the second derivative of 9*w**5/20 + w**4/12 - w**3/2 + 3*w**2/2 + 18*w. What is the units digit of s(2)?
3
Let h(v) = 16*v - 7. Let k(p) = -31*p + 15. Let t(x) = -5*h(x) - 2*k(x). What is the tens digit of t(-2)?
4
Let u = 178 + 217. What is the tens digit of u?
9
Suppose 0 = 4*j - 7*j - 5*s - 8, -2*j - 5*s - 12 = 0. Let o = j + 49. What is the tens digit of o?
5
Let x = -26 - -178. What is the units digit of x?
2
Suppose 0 = 4*n - 1240 - 960. What is the units digit of n?
0
Let i(t) = -39*t - 34. Let q(u) = 19*u + 17. Let c(k) = -3*i(k) - 5*q(k). What is the hundreds digit of c(6)?
1
Suppose 24*r + 48 = 12*r. Let c(d) be the first derivative of d**4/4 + 2*d**3 - 4*d + 1. What is the units digit of c(r)?
8
Let u be (-210)/3*(-150)/35. Let x = u - 206. Suppose -4*c - x = -2*j, -3*c = 5*j - 4*c - 199. What is the tens digit of j?
3
Let c = 1662 - 702. What is the hundreds digit of c?
9
Suppose 200 + 256 = 4*v. What is the tens digit of v?
1
Let u = -548 + 1041. What is the tens digit of u?
9
Let y = -55 - -59. What is the tens digit of 1*y + 0 + 11?
1
Suppose 2*s = 3*j - 14, s = -5*j - s + 34. Let q be (-2)/(-8)*-2*-10. Suppose -i + 2*b = q, j = b + 3. What is the units digit of i?
1
Let c = -19 + 5. Let j = c - -36. What is the units digit of (-3 + j/6)*36?
4
Suppose -3*n = -0*n + 3. Let h(u) = -8*u - 2. Let d be h(n). Suppose 20 = 5*x, -d = 3*b + 2*x - 92. What is the tens digit of b?
2
Let k(l) = l**3 - 14*l**2 - l + 3 - 1 + 0*l**3. Let p be k(14). What is the units digit of (-188)/(-24) + (-2)/p?
8
Let j = 106 - 39. Let a = 117 - j. What is the tens digit of a?
5
Let d(i) be the third derivative of 39*i**4/8 + i**3/3 - 15*i**2. What is the tens digit of d(1)?
1
Let m(v) = v**3 + 10*v**2 - 12*v - 7. Let a be m(-11). What is the units digit of (4 + (-5 - 5))/((-3)/a)?
8
Let k(t) = -13*t + 96. What is the units digit of k(-6)?
4
Let x(y) = 11*y**2 + 2*y. Let l be x(-3). Suppose 43 - l = -5*j. What is the tens digit of j?
1
Let j = 44 + 196. Suppose 6*q - q = j. What is the tens digit of q?
4
Let d = 1027 - 606. Suppose -7*s = -d - 111. What is the units digit of s?
6
Let x(m) = 23*m**2 + 26*m + 34. What is the tens digit of x(-6)?
0
Let q = -19 - -23. Let n be 22/q + (-1)/2. Suppose 34 = n*z - 26. What is the tens digit of z?
1
Let d(q) be the third derivative of q**5/30 - q**4/3 - 2*q**3/3 + 12*q**2. What is the units digit of d(8)?
0
Let k(a) = -a**3 + 6*a**2 - 2*a + 12. Let u be k(6). Suppose i = -2*q - 2*q + 62, -3*q + 9 = u. What is the tens digit of i?
5
Let c be (0 - -2) + 6/6. Suppose -c*t = -34 - 26. Suppose -8*n = -4*n - t